t is the hundreds digit of u?
7
Let p = -16510 + 23540. What is the thousands digit of p?
7
Let i(o) = o + 99. Let m be i(-8). Let x = m + 12. What is the tens digit of x?
0
Suppose -217384 = 22*g - 51*g. What is the hundreds digit of 2*(g/(-20))/((-4)/5)?
9
Let t(h) = -6*h**2 + 24*h - 20. Let a be t(11). Let w = -340 - a. Suppose -10 + w = 2*r. What is the units digit of r?
6
Suppose -25 = -p - 20, -5*p + 870 = 5*g. What is the tens digit of g?
6
Suppose 0 = -5*q - 4*n + 37, 4*q + 3*n - 19 = 2*q. Suppose -4 = -5*j - 4*f + 56, 4*j - 48 = -q*f. Suppose 340 = -7*d + j*d. What is the tens digit of d?
6
Let b(m) = 2*m - 34. Let v be b(26). What is the hundreds digit of 1071/v*10 - 7?
5
Let n = 2907 - -3049. What is the hundreds digit of n?
9
What is the units digit of 7 + (-25)/5 - (-4068 + -17)?
7
Let o(l) be the second derivative of l**5/20 + 5*l**4/12 - l**3/6 - l**2/2 + 13*l. Let n be o(-5). Suppose n*k - 281 = -37. What is the units digit of k?
1
Let k = 51549 - 26941. What is the hundreds digit of k?
6
Suppose -9*m + 7899 + 81759 = 0. Let d be -1 + 3/4 - m/(-136). Let l = 190 - d. What is the units digit of l?
7
Suppose 0 = -22*k + 951723 - 99817. What is the thousands digit of k?
8
Let p = -26 + 29. Let k be 8/(-36) - (7/9 - p). What is the units digit of (1/2)/((-2)/((-584)/k))?
3
Let m(p) = -208*p**2 + 13 + 0 + 207*p**2. Let b be m(-3). Suppose -y = b, -115 + 45 = -2*z - y. What is the units digit of z?
7
Suppose -41*x = -21582 - 27659. What is the units digit of x?
1
Let p(b) = b**3 + 15*b**2 - 14*b + 23. Let g be p(-16). Let h(i) = -6*i - 36. What is the units digit of h(g)?
8
Let n = 168 - 159. Let w(z) = 13*z**2 - 18*z - 9. What is the tens digit of w(n)?
8
Let p(d) = -d**2 + 4*d - 85. Let b be p(0). Let g = 87 + b. Suppose -g*q - 185 = -y, -3*y = 4*q - 154 - 361. What is the hundreds digit of y?
1
Let w(j) = -j**3 + 71*j**2 - 92*j + 963. What is the hundreds digit of w(68)?
5
Suppose -4*l - 5*v + 159469 = -0*l, l - v = 39874. What is the units digit of l?
1
Suppose -103 = -8*g + 1. Suppose -g = -3*a + a + i, a + 2*i = 19. Suppose -6*u - 177 = -a*u. What is the units digit of u?
9
Suppose -814 = -n + 1071. Suppose 2*m - 35 = r, -4*r + r = 9. Suppose n = -3*o + m*o. What is the hundreds digit of o?
1
Suppose 0 = 553*h - 315*h - 4824260. What is the ten thousands digit of h?
2
Suppose -3384*d + 3360*d + 294480 = 0. What is the thousands digit of d?
2
Let w = -40 - -44. Suppose 40 - w = 4*k - 4*v, 4*k = -2*v + 24. Suppose -k*q + 18 = -339. What is the tens digit of q?
5
Let p be (-12)/144*-39 + (-1)/4. Suppose 317 = s - 0*f - p*f, -4*f - 321 = -s. What is the tens digit of s?
0
Let i(r) = 5*r - 4. Let b be i(3). Suppose t = 3*m + 24, -3*t + 11 = m - b. Suppose 4*v + t*v - 832 = 0. What is the tens digit of v?
6
Suppose 2*i - 164 = -4*n, i - n = 6*i - 383. Let j be 8/14 - i/(-14). What is the units digit of 4*(j/15*5 - 1)?
4
Let q = 125 - -48. Let b = q - 152. What is the units digit of b?
1
Suppose 4*x = 2*m - 388, m + 25*x - 229 = 22*x. Let p = 29 - -56. Let k = m - p. What is the tens digit of k?
2
Let i(z) = 683*z + 40. Let u(v) = 2048*v + 119. Let t(f) = -7*i(f) + 2*u(f). What is the tens digit of t(-3)?
1
Let b = -52788 + 90224. What is the hundreds digit of b?
4
Suppose 4*s + 17534 = -l + 53633, 3*l = -5*s + 108290. What is the hundreds digit of l?
0
Suppose 0 = -i - 13 + 16. Suppose -2*r = i*a - 0*a - 23, -3*r + 22 = 2*a. Suppose -a*f + 13*f = 1656. What is the tens digit of f?
0
Let d(s) = s**2 + 86. Suppose -36 = -4*g - 0. What is the tens digit of d(g)?
6
Suppose -z = -5*t + 98470, 0 = -t + 4*t + 5*z - 59110. Suppose -39*l + t = 1092. What is the units digit of l?
7
Suppose 0 = -5*d + 3*c + 311728, -3*d + 48*c = 45*c - 187032. What is the ten thousands digit of d?
6
Let k be ((-648)/(-15))/(4/(-5740)*-2). What is the units digit of k/48 - (-1)/4?
6
Suppose 2*h = 3*g - 16523, -436 = -5*g - 3*h + 27115. What is the tens digit of g?
0
Suppose 0*k + 98 = -7*k. What is the units digit of 23/((-483)/k)*(-327)/(-2)?
9
Let u(g) = 40*g**2 + 26*g - 72. What is the thousands digit of u(5)?
1
Suppose 0 = 5*r - 45 + 25, -4*v = 2*r - 20. Suppose -2110 = -5*g + v*p + 2*p, 3*p - 1260 = -3*g. What is the tens digit of g?
2
Let w(k) = 12*k**3 + 3*k**2 - k + 3. Let q be w(3). Suppose 0 = 4*p - 1743 + q. What is the tens digit of p?
4
Suppose -b = 7 - 1. Let i be (-9)/b - (-3 + (-9)/(-2)). Suppose 4*q + 0*v + v = 471, i = 3*q - v - 348. What is the hundreds digit of q?
1
What is the thousands digit of -11*1527*(-13)/39?
5
Let q = 562 + 12136. What is the hundreds digit of q?
6
Suppose 47 = 5*v + k - 78, -5*k = -3*v + 103. What is the tens digit of v?
2
Suppose 0 = -4*p + 12, -2*t + 5*p - 66 + 201 = 0. Let y = t - 73. Suppose -4*i - 99 = -3*k, -2*k + 66 = 3*i + y*i. What is the tens digit of k?
3
Suppose -19 = -2*i - 3*m, 2*m + 5 - 17 = -i. Suppose 0*a + 4*a + 3*x = 4257, -5327 = -5*a + i*x. What is the thousands digit of a?
1
Suppose 5*n + 26 = 11. What is the tens digit of (-1)/n - 76229/(-93)?
2
Let o = 112 - 115. What is the tens digit of (1052/o)/((-8)/6)?
6
Let h be (-4)/((-132)/15 + 8). What is the thousands digit of h/(-4)*(-25 + -1535)?
1
Let b = -270 + 393. Let x be (b/4)/(-3) + (-6)/(-24). Let m = 8 - x. What is the units digit of m?
8
Let z be (22/8 - -1)/(10/40). Let q(t) = t**2 - 9*t + 1. Let c be q(z). Suppose -5*l - c = -a, 4*a - 74 = 2*l + 272. What is the tens digit of a?
8
Let i(a) = -6*a**2 - 1314*a - 40. What is the hundreds digit of i(-8)?
0
Let j be 1/(-4) + 0 - 12116/(-16). Suppose 219 = -f + j. What is the hundreds digit of f?
5
Suppose -32 = 5*s - 222. Let y = s - 43. Let m(g) = -g**3 - g**2 + 2*g + 2. What is the tens digit of m(y)?
9
Suppose 1610*l - 7006 = 1599*l + 44727. What is the units digit of l?
3
Suppose -b + a + 4 = 0, 0*b + 4*a = -4*b. Let z(q) = -5 + 16 + 11*q - q**3 - b*q + 11*q**2 - 2*q. What is the units digit of z(11)?
8
Let k = 200 + -4. What is the tens digit of -3*(-8)/6*(k - 15)?
2
Let z(j) = -j**3 + 37*j**2 + 7*j - 19. What is the hundreds digit of z(32)?
3
Let t = 566 + 686. Suppose d - 1 = -2, 4*f - 4*d - t = 0. What is the units digit of f?
2
Suppose 5*l + a + 3*a + 265 = 0, 3*a + 156 = -3*l. Let s = -52 - l. Suppose 0*o + 784 = s*o - 2*y, 5*o - 3*y - 781 = 0. What is the hundreds digit of o?
1
Suppose 32*z - 1195 = 27*z. Let s = 427 - z. What is the hundreds digit of s?
1
Suppose 0 = -3*f + m + 36793, f = m + 2053 + 10216. What is the ten thousands digit of f?
1
Suppose 0 = 5*b - 2*r - 6, -r + 25 = 4*b + 15. What is the thousands digit of -1 - b - -8 - -1200?
1
Let o(f) = -f**2 - 4*f + 6. Let n be o(-6). Let h be (-5 - n/2)*-2. Suppose h*q - 4*y = 408, q + 3*y = -q + 219. What is the tens digit of q?
0
Let j(s) = 6*s + 33. Let n be j(6). Let i = n - 66. Suppose 0*h + i*h = 5*o + 174, -180 = -3*h + 3*o. What is the tens digit of h?
6
Let i(n) = -2569*n - 1440. What is the hundreds digit of i(-8)?
1
Let l(g) = g**3 + 6*g**2 + 14*g + 9. Let y be l(-5). Let p be y*(5 - (-11)/(-2)). Let h = 35 + p. What is the tens digit of h?
5
Let n be (21/((-12)/(-64)*-4))/2. Let f(i) = i**2 + 6*i - 28. What is the tens digit of f(n)?
8
Suppose -l - l = 0, 3*m = l + 12. Suppose z - 2*v - 471 = 3*v, 8 = -m*v. What is the tens digit of z?
6
Suppose -4*f + 21351 = 3*i, 11893 + 23697 = 5*i + 5*f. What is the thousands digit of i?
7
Let h(u) = 186*u**2 + 109*u + 1005. What is the units digit of h(-11)?
2
Let i(r) = 19*r**2 + 2*r + 2. Let k(f) = f**3 - 21*f**2 - 20*f - 40. Let w be k(22). What is the units digit of i(w)?
4
Let r = 1868 + 1428. Suppose 3*a + 2388 = 3*x, -4*x = a - r + 122. What is the hundreds digit of x?
7
Let t be (5 + -5)/(9/((-9)/4)). Suppose -48*w + 55*w - 2184 = t. What is the units digit of w?
2
Let o = 603 + 11192. What is the hundreds digit of o?
7
Let u(y) = -2*y - 4. Let z be u(-5). Suppose -z = -3*h + 6. Suppose -p - 224 = -5*k - 2*p, 41 = k + h*p. What is the units digit of k?
5
Let h = -559 - -889. Suppose -18*q + 24*q - h = 0. What is the units digit of q?
5
Suppose -408*i - 9145 = -409*i - 3*t, -i + 9177 = -t. What is the hundreds digit of i?
1
Let g be 2/9 + (-259)/(-333). Let c(q) = 240*q**2 + 3*q + 2. What is the hundreds digit of c(g)?
2
Let s = 37 - 32. Suppose 5*h + 44 = u - 49, 